19
415f9a (base 16) to base 8
20257632
-2348987 (base 12) to base 2
-11010000000001101110111
-16622 (base 11) to base 2
-101101101010001
100001111100111010 (base 2) to base 11
95534
What is 12131000002 (base 4) in base 12?
696b6a
Convert -396 (base 14) to base 7.
-2046
1063707 (base 10) to base 16
103b1b
Convert 32003230203 (base 4) to base 12.
1298743
Convert -111001010100101111100101 (base 2) to base 6.
-1254030125
Convert 1022011002122 (base 3) to base 2.
10101000111010110100
-543455404 (base 6) to base 16
-93f55c
What is -5340363 (base 10) in base 3?
-101001022121020
What is -30961 (base 11) in base 10?
-45079
Convert 34313236 (base 7) to base 15.
3e2701
What is 1860053 (base 12) in base 15?
6ab699
Convert -13041004 (base 6) to base 15.
-8603d
112333 (base 7) to base 4
10321201
-2201001001222 (base 3) to base 8
-5367711
Convert -3052153 (base 6) to base 11.
-a0450
-32524253 (base 7) to base 14
-52b09a
What is -123603510 (base 7) in base 2?
-11110000000101001001101
Convert -121111103 (base 4) to base 8.
-312523
What is -88700 (base 10) in base 6?
-1522352
Convert -1027880 (base 9) to base 15.
-ad126
-4205131 (base 8) to base 15
-170d5b
-44124023 (base 6) to base 9
-2427376
What is -c36ca8 (base 13) in base 8?
-21303403
What is 11011111001001100 (base 2) in base 14?
2d8cc
-837960 (base 14) to base 12
-15a0980
Convert -1151333 (base 6) to base 14.
-18477
Convert 19a93 (base 14) to base 11.
44a94
Convert -2144140 (base 6) to base 4.
-122022330
27873437 (base 9) to base 8
64526451
-1011011110010000111111 (base 2) to base 4
-23132100333
986264 (base 10) to base 8
3606230
What is 21154451 (base 8) in base 13?
c1c961
-204344 (base 10) to base 3
-101101022022
What is 45603616 (base 7) in base 12?
1401a97
-124569 (base 13) to base 14
-b5955
6aa0563 (base 12) to base 6
2013443403
30301 (base 4) to base 11
683
-341636 (base 9) to base 5
-23022024
Convert 10112002000110 (base 3) to base 8.
7106773
Convert -21101021110 (base 3) to base 4.
-203131320
d1812 (base 15) to base 4
2201330111
Convert b02c6 (base 13) to base 2.
1001100110100101111
What is -110201122000012 (base 3) in base 15?
-8d90b2
What is -1101000001010001100 (base 2) in base 4?
-1220022030
Convert 11001110101111110011 (base 2) to base 10.
846835
What is -c1a96 (base 13) in base 14?
-90514
What is 278803a (base 11) in base 3?
100000210000202
2387a (base 14) to base 10
86740
What is -103376 (base 11) in base 13?
-5a430
Convert 2450151 (base 7) to base 5.
40031431
Convert 1022200010120211 (base 3) to base 8.
110242037
Convert -22164356 (base 7) to base 16.
-1d3915
Convert -1363451 (base 7) to base 8.
-546671
What is 611771 (base 10) in base 7?
5125406
-3443345 (base 7) to base 16
-6938c
3444142100 (base 5) to base 6
435123543
Convert 10110101100000000110011 (base 2) to base 10.
5947443
What is -211131111221 (base 4) in base 14?
-1438769
Convert -7cbb (base 16) to base 7.
-162044
What is 2027a12 (base 12) in base 7?
102141254
Convert 101797 (base 11) to base 12.
7a633
What is -1307970 (base 10) in base 6?
-44011230
134414 (base 5) to base 8
12751
What is -313ab9 (base 13) in base 10?
-1150873
-bc76 (base 16) to base 7
-260442
Convert 34501033 (base 7) to base 10.
3025627
What is -213143404 (base 5) in base 11?
-573513
Convert -111111111111101100 (base 2) to base 8.
-777754
4001433 (base 5) to base 9
105054
What is -31021100 (base 4) in base 11?
-374a6
Convert -168a5 (base 15) to base 14.
-1c782
What is 11011010010111111110 (base 2) in base 3?
1200102222020
What is -a26a1 (base 11) in base 4?
-210212111
Convert 311344 (base 8) to base 6.
2113300
21211211210 (base 3) to base 6
3150550
Convert 45425170 (base 8) to base 11.
5611991
What is -7474588 (base 9) in base 4?
-33101323223
-55302200 (base 7) to base 11
-275a146
7554916 (base 10) to base 6
425532244
What is 68a250 (base 11) in base 3?
2001201212011
What is -110111010001010001110001 (base 2) in base 13?
-30039b7
-112220313213 (base 4) to base 11
-3393801
What is -936b9b (base 12) in base 11?
-1340405
-10001011000011001111001 (base 2) to base 10
-4556409
What is 3123233 (base 4) in base 7?
56000
-3043410 (base 6) to base 10
-145950
-2022011230 (base 4) to base 14
-10a1ac
What is a667 (base 11) in base 9?
21316
-2c51ca (base 14) to base 12
-6294ba
Convert -179535 (base 11) to base 5.
-32314120
1001000111110001000 (base 2) to base 11
194617
71114 (base 10) to base 8
212712
Convert 1211041441 (base 6) to base 3.
221220112122021
What is 100001101001000100101111 (base 2) in base 13?
1a9a14c
What is -1033404 (base 5) in base 15?
-54d9
-12110212121222 (base 3) to base 10
-2910626
What is -1b71a2 (base 14) in base 15?
-14554b
3034132 (base 5) to base 6
1020112
Convert -397fd (base 16) to base 2.
-111001011111111101
What is -100000000111101000 (base 2) in base 6?
-2453024
Convert -44c28 (base 15) to base 12.
-a6702
What is -232021002 (base 4) in base 3?
-100121020210
-2785665 (base 9) to base 13
-418958
Convert 101010100001100010000 (base 2) to base 5.
324042144
9461 (base 15) to base 4
13222012
What is 12011205 (base 6) in base 10?
374837
What is -213213130221 (base 4) in base 13?
-21c7cb0
What is 27242422 (base 8) in base 6?
335002430
Convert 3aa8b5 (base 14) to base 15.
2a07ee
What is -542bd (base 14) in base 11?
-129a85
130ddc (base 16) to base 5
304424412
3138447 (base 10) to base 15
41ed9c
Convert -11111001000001 (base 2) to base 7.
-64315
What is -39903a1 (base 12) in base 16?
-adb729
What is a9541 (base 13) in base 6?
10321545
What is -143023444 (base 6) in base 11?
-172aa19
-10011101011110100000 (base 2) to base 16
-9d7a0
Convert -2122545 (base 6) to base 4.
-121132001
-55213 (base 16) to base 11
-218a82
46118 (base 12) to base 16
16d24
Convert 212112354 (base 6) to base 8.
16214656
What is 110000000111101111100 (base 2) in base 15?
21231d
Convert -312140232 (base 5) to base 8.
-4721436
What is -33b (base 13) in base 15?
-272
What is -1528485 (base 9) in base 6?
-30044505
Convert 499c0 (base 13) to base 11.
92a49
What is -133222201 (base 4) in base 16?
-1faa1
105812 (base 11) to base 2
101001001011101111
608bc (base 13) to base 6
3412201
-1500538 (base 12) to base 3
-21221221201022
Convert -704235 (base 16) to base 14.
-d97189
Convert -3440413 (base 6) to base 5.
-21121114
What is -7224135 (base 8) in base 11?
-1095741
-206da (base 15) to base 6
-2111541
4aa2c (base 13) to base 14
383b0
10673688 (base 9) to base 11
2a22304
100111122221021 (base 3) to base 11
2940648
-1157 (base 14) to base 10
-3017
93053c (base 13) to base 6
201251212
What is 1035577 (base 8) in base 5?
32334000
Convert -72526 (base 14) to base 4.
-1003033112
-200021121010 (base 3) to base 15
-7193c
What is 31213c (base 13) in base 14?
21c046
Convert 2a897 (base 11) to base 6.
534054
Convert -163136 (base 7) to base 8.
-77076
What is 2e8231 (base 16) in base 10?
3047985
1001101101010101001 (base 2) to base 5
40134441
Convert 12422024 (base 5) to base 6.
2351125
101110111110100011000 (base 2) to base 4
11313310120
What is 37f26c (base 16) in base 14?
6b62ba
What is -1120000202022 (base 3) in base 15?
-11518e
-133566 (base 12) to base 6
-10443410
1211665 (base 7) to base 13
5533c
-499a5c (base 13) to base 16
-1ae9b1
What is 1ac27c (base 13) in base 8?
2467274
-50344c (base 13) to base 6
-103540404
Convert d14c90 (base 15) to base 13.
209ca8a
10222011002 (base 3) to base 5
4444423
Convert 1625602 (base 9) to base 10.
902990
27623654 (base 8) to base 11
357a290
Convert 135514233 (base 6) to base 11.
1639062
552293 (base 11) to base 10
881466
-2e8a2b (base 15) to base 7
-25116365
What is -9b61 (base 15) in base 5?
-2023231
313130211 (base 5) to base 3
2110010220200
-134213203 (base 5) to base 3
-1022022002110
What is 3031441 (base 5) in base 12?
24430
12220011110001 (base 3) to base 4
23330312212
287a4ca (base 13) to base 7
214123640
What is -14ff6c (base 16) in base 9?
-2526588
What is 127477 (base 11) in base 10?
200218
Convert 244725 (base 8) to base 13.
2c582
What is 21513455 (base 6) in base 2?
10011110000101101011
Convert -2304000 (base 6) to base 3.
-12222012000
What is 129778 (base 10) in base 5?
13123103
241422431 (base 5) to base 11
6a8106
Convert -113aab8 (base 12) to base 6.
-155023152
Convert -27b98 (base 14) to base 8.
-300032
Convert -1040203113 (base 5) to base